{"id":206,"date":"2021-07-29T16:36:48","date_gmt":"2021-07-29T14:36:48","guid":{"rendered":"https:\/\/grupodeteatroelbureo.wordpress.com\/?page_id=206"},"modified":"2021-09-07T19:11:23","modified_gmt":"2021-09-07T19:11:23","slug":"participacion","status":"publish","type":"page","link":"https:\/\/lamuestraderubielos.com\/?page_id=206","title":{"rendered":"Participaci\u00f3n"},"content":{"rendered":"\n<p class=\"has-text-align-justify has-foreground-color has-background-background-color has-text-color has-background has-normal-font-size\" style=\"line-height:1.5\">La Muestra ofrece una selecci\u00f3n de espect\u00e1culos de formato peque\u00f1o en sala bajo el lema \u00abVamos al teatro a divertirnos, emocionarnos y reflexionar\u201d. Con ella en este dif\u00edcil a\u00f1o pretendemos mostrar propuestas actuales y divertidas con diferentes g\u00e9neros (clown, danza, cuentos, teatro, circo\u2026) poniendo especial atenci\u00f3n en nuevas tendencias, espect\u00e1culos de reciente creaci\u00f3n y nuevos talentos emergentes.<br>Se representar\u00e1n espect\u00e1culos de sala destinados tanto al p\u00fablico adulto como al infantil\/juvenil.<br>Las compa\u00f1\u00edas profesionales interesadas en presentar sus propuestas de participaci\u00f3n para el pr\u00f3ximo ejercicio espect\u00e1culos pueden enviar su documentaci\u00f3n (proyecto + ficha t\u00e9cnica + enlace a YouTube o Vimeo + condiciones econ\u00f3micas) antes del 20 de Diciembre a <\/p>\n\n\n\n<p class=\"has-text-align-center has-primary-color has-background-background-color has-text-color has-background has-normal-font-size\">AYUNTAMIENTO de RUBIELOS DE MORA<br>La Muestra de Teatro de Rubielos de Mora<br>Plaza de Hispano Am\u00e9rica, 1<br>44415 &#8211; Rubielos de Mora <\/p>\n\n\n\n<p class=\"has-text-align-center has-primary-color has-background-background-color has-text-color has-background has-normal-font-size\">\u00f3 <\/p>\n\n\n\n<p class=\"has-text-align-center has-primary-color has-background-background-color has-text-color has-background has-normal-font-size\">por email a<br>direccion.muestrarubielos@gmail.com<\/p>\n\n\n\n<div class=\"wp-block-buttons\">\n<div class=\"wp-block-button\"><a class=\"wp-block-button__link\" href=\"https:\/\/lamuestraderubielos.com\/?page_id=204\">PRESENTACI\u00d3N<\/a><\/div>\n\n\n\n<div class=\"wp-block-button\"><a class=\"wp-block-button__link\" href=\"https:\/\/lamuestraderubielos.com\/?page_id=207\">VOLUNTARIOS<\/a><\/div>\n\n\n\n<div class=\"wp-block-button\"><a class=\"wp-block-button__link\" href=\"https:\/\/lamuestraderubielos.com\/?page_id=208\">EL EQUIPO<\/a><\/div>\n\n\n\n<div class=\"wp-block-button\"><a class=\"wp-block-button__link\">VOLVER A LA MUESTRA<\/a><\/div>\n\n\n\n<div class=\"wp-block-button\"><a class=\"wp-block-button__link\" href=\"https:\/\/lamuestraderubielos.com\/\">VOLVER A INICIO<\/a><\/div>\n<\/div>\n","protected":false},"excerpt":{"rendered":"<p>La Muestra ofrece una selecci\u00f3n de espect\u00e1culos de formato peque\u00f1o en sala bajo el lema \u00abVamos al teatro a divertirnos,<\/p>\n<p><a href=\"https:\/\/lamuestraderubielos.com\/?page_id=206\" class=\"more-link\">Continue reading<span class=\"screen-reader-text\">Participaci\u00f3n<\/span><\/a><\/p>\n","protected":false},"author":1,"featured_media":0,"parent":0,"menu_order":0,"comment_status":"closed","ping_status":"closed","template":"","meta":{"om_disable_all_campaigns":false,"_monsterinsights_skip_tracking":false,"_monsterinsights_sitenote_active":false,"_monsterinsights_sitenote_note":"","_monsterinsights_sitenote_category":0},"_links":{"self":[{"href":"https:\/\/lamuestraderubielos.com\/index.php?rest_route=\/wp\/v2\/pages\/206"}],"collection":[{"href":"https:\/\/lamuestraderubielos.com\/index.php?rest_route=\/wp\/v2\/pages"}],"about":[{"href":"https:\/\/lamuestraderubielos.com\/index.php?rest_route=\/wp\/v2\/types\/page"}],"author":[{"embeddable":true,"href":"https:\/\/lamuestraderubielos.com\/index.php?rest_route=\/wp\/v2\/users\/1"}],"replies":[{"embeddable":true,"href":"https:\/\/lamuestraderubielos.com\/index.php?rest_route=%2Fwp%2Fv2%2Fcomments&post=206"}],"version-history":[{"count":5,"href":"https:\/\/lamuestraderubielos.com\/index.php?rest_route=\/wp\/v2\/pages\/206\/revisions"}],"predecessor-version":[{"id":627,"href":"https:\/\/lamuestraderubielos.com\/index.php?rest_route=\/wp\/v2\/pages\/206\/revisions\/627"}],"wp:attachment":[{"href":"https:\/\/lamuestraderubielos.com\/index.php?rest_route=%2Fwp%2Fv2%2Fmedia&parent=206"}],"curies":[{"name":"wp","href":"https:\/\/api.w.org\/{rel}","templated":true}]}}